{"id":275,"date":"2016-08-23T14:42:10","date_gmt":"2016-08-23T12:42:10","guid":{"rendered":"http:\/\/medicinalplants.rs\/?page_id=275"},"modified":"2016-08-23T14:51:13","modified_gmt":"2016-08-23T12:51:13","slug":"vienna-2016","status":"publish","type":"page","link":"http:\/\/medicinalplants.rs\/index.php\/vienna-2016\/","title":{"rendered":"VIENNA 2016"},"content":{"rendered":"<p>Groupe Polyphenols organized this renowned conference which dealing with all aspects of polyphenols from biosynthesis, biotechnology and analysis to nutrition and health-related effects. The main topis of this conference were: Polyphenols chemistry and physicochemistry, Biosynthesis, Genetics and metabolic engineering, Polyphenols roles in plants and ecosystems, Applied polyphenolics. <span lang=\"EN\">Nada \u0106uji\u0107 has been presented the poster presentation <\/span>entitled \u201cAntiproliferative potential of dried apple tea before and after digestion\u201d Authors<span lang=\"SR\">: <\/span>Jelena \u017divkovi\u0107, Katarina \u0160avikin, Nemanja Stanisavljevi\u0107, Na\u0111a Grozdani\u0107 Stanisavljevi\u0107, Tatjana Stanojkovi\u0107, Teodora Jankovi\u0107, Gordana Zduni\u0107, <u>Nada \u0106uji\u0107<\/u>, Jelena Samard\u017ei\u0107.<\/p>\n\n\t\t<style type=\"text\/css\">\n\t\t\t#gallery-1 {\n\t\t\t\tmargin: auto;\n\t\t\t}\n\t\t\t#gallery-1 .gallery-item {\n\t\t\t\tfloat: left;\n\t\t\t\tmargin-top: 10px;\n\t\t\t\ttext-align: center;\n\t\t\t\twidth: 33%;\n\t\t\t}\n\t\t\t#gallery-1 img {\n\t\t\t\tborder: 2px solid #cfcfcf;\n\t\t\t}\n\t\t\t#gallery-1 .gallery-caption {\n\t\t\t\tmargin-left: 0;\n\t\t\t}\n\t\t\t\/* see gallery_shortcode() in wp-includes\/media.php *\/\n\t\t<\/style>\n\t\t<div data-carousel-extra='{\"blog_id\":1,\"permalink\":\"http:\\\/\\\/medicinalplants.rs\\\/index.php\\\/vienna-2016\\\/\",\"likes_blog_id\":false}' id='gallery-1' class='gallery galleryid-275 gallery-columns-3 gallery-size-thumbnail'><dl class='gallery-item'>\n\t\t\t<dt class='gallery-icon portrait'>\n\t\t\t\t<a href='http:\/\/medicinalplants.rs\/index.php\/vienna-2016\/poster\/#main'><img loading=\"lazy\" decoding=\"async\" width=\"150\" height=\"150\" src=\"http:\/\/medicinalplants.rs\/wp-content\/uploads\/2016\/08\/poster-150x150.jpg\" class=\"attachment-thumbnail size-thumbnail\" alt=\"\" data-attachment-id=\"279\" data-orig-file=\"http:\/\/medicinalplants.rs\/wp-content\/uploads\/2016\/08\/poster.jpg\" data-orig-size=\"2182,3066\" data-comments-opened=\"0\" data-image-meta=\"{&quot;aperture&quot;:&quot;0&quot;,&quot;credit&quot;:&quot;&quot;,&quot;camera&quot;:&quot;&quot;,&quot;caption&quot;:&quot;&quot;,&quot;created_timestamp&quot;:&quot;0&quot;,&quot;copyright&quot;:&quot;&quot;,&quot;focal_length&quot;:&quot;0&quot;,&quot;iso&quot;:&quot;0&quot;,&quot;shutter_speed&quot;:&quot;0&quot;,&quot;title&quot;:&quot;&quot;,&quot;orientation&quot;:&quot;0&quot;}\" data-image-title=\"poster\" data-image-description=\"\" data-medium-file=\"http:\/\/medicinalplants.rs\/wp-content\/uploads\/2016\/08\/poster-214x300.jpg\" data-large-file=\"http:\/\/medicinalplants.rs\/wp-content\/uploads\/2016\/08\/poster-729x1024.jpg\" \/><\/a>\n\t\t\t<\/dt><\/dl><dl class='gallery-item'>\n\t\t\t<dt class='gallery-icon portrait'>\n\t\t\t\t<a href='http:\/\/medicinalplants.rs\/index.php\/vienna-2016\/bec\/#main'><img loading=\"lazy\" decoding=\"async\" width=\"150\" height=\"150\" src=\"http:\/\/medicinalplants.rs\/wp-content\/uploads\/2016\/08\/bec-150x150.jpg\" class=\"attachment-thumbnail size-thumbnail\" alt=\"\" data-attachment-id=\"276\" data-orig-file=\"http:\/\/medicinalplants.rs\/wp-content\/uploads\/2016\/08\/bec.jpg\" data-orig-size=\"1200,1600\" data-comments-opened=\"0\" data-image-meta=\"{&quot;aperture&quot;:&quot;0&quot;,&quot;credit&quot;:&quot;&quot;,&quot;camera&quot;:&quot;&quot;,&quot;caption&quot;:&quot;&quot;,&quot;created_timestamp&quot;:&quot;0&quot;,&quot;copyright&quot;:&quot;&quot;,&quot;focal_length&quot;:&quot;0&quot;,&quot;iso&quot;:&quot;0&quot;,&quot;shutter_speed&quot;:&quot;0&quot;,&quot;title&quot;:&quot;&quot;,&quot;orientation&quot;:&quot;0&quot;}\" data-image-title=\"bec\" data-image-description=\"\" data-medium-file=\"http:\/\/medicinalplants.rs\/wp-content\/uploads\/2016\/08\/bec-225x300.jpg\" data-large-file=\"http:\/\/medicinalplants.rs\/wp-content\/uploads\/2016\/08\/bec-768x1024.jpg\" \/><\/a>\n\t\t\t<\/dt><\/dl>\n\t\t\t<br style='clear: both' \/>\n\t\t<\/div>\n\n<p>&nbsp;<\/p>\n","protected":false},"excerpt":{"rendered":"<p>Groupe Polyphenols organized this renowned conference which dealing with all aspects of polyphenols from biosynthesis, biotechnology and analysis to nutrition and health-related effects. The main topis of this conference were: Polyphenols chemistry and physicochemistry, Biosynthesis, Genetics and metabolic engineering, Polyphenols roles in plants and ecosystems, Applied polyphenolics. Nada \u0106uji\u0107 has been presented the poster presentation&#8230; <\/p>\n","protected":false},"author":1,"featured_media":0,"parent":0,"menu_order":0,"comment_status":"closed","ping_status":"open","template":"","meta":{"footnotes":""},"class_list":["post-275","page","type-page","status-publish","hentry"],"_links":{"self":[{"href":"http:\/\/medicinalplants.rs\/index.php\/wp-json\/wp\/v2\/pages\/275","targetHints":{"allow":["GET"]}}],"collection":[{"href":"http:\/\/medicinalplants.rs\/index.php\/wp-json\/wp\/v2\/pages"}],"about":[{"href":"http:\/\/medicinalplants.rs\/index.php\/wp-json\/wp\/v2\/types\/page"}],"author":[{"embeddable":true,"href":"http:\/\/medicinalplants.rs\/index.php\/wp-json\/wp\/v2\/users\/1"}],"replies":[{"embeddable":true,"href":"http:\/\/medicinalplants.rs\/index.php\/wp-json\/wp\/v2\/comments?post=275"}],"version-history":[{"count":3,"href":"http:\/\/medicinalplants.rs\/index.php\/wp-json\/wp\/v2\/pages\/275\/revisions"}],"predecessor-version":[{"id":281,"href":"http:\/\/medicinalplants.rs\/index.php\/wp-json\/wp\/v2\/pages\/275\/revisions\/281"}],"wp:attachment":[{"href":"http:\/\/medicinalplants.rs\/index.php\/wp-json\/wp\/v2\/media?parent=275"}],"curies":[{"name":"wp","href":"https:\/\/api.w.org\/{rel}","templated":true}]}}