{"id":24,"date":"2015-06-26T10:58:54","date_gmt":"2015-06-26T08:58:54","guid":{"rendered":"http:\/\/medicinalplants.rs\/?page_id=24"},"modified":"2018-01-09T10:09:53","modified_gmt":"2018-01-09T08:09:53","slug":"formulated-products","status":"publish","type":"page","link":"http:\/\/medicinalplants.rs\/index.php\/formulated-products\/","title":{"rendered":"FORMULATED PRODUCTS"},"content":{"rendered":"<ul>\n<li style=\"text-align: left;\"><strong>Product: <span id=\"m_1497332909301077001gmail-result_box\" class=\"m_1497332909301077001gmail-short_text\" lang=\"en\"><span class=\"m_1497332909301077001gmail-\">Honey enriched with anthocyanins<\/span><\/span><br \/>\n<\/strong>Authors: \u0160avikin, Zduni\u0107, \u0106uji\u0107, Bigovi\u0107, \u017divkovi\u0107, Karavla<a href=\"http:\/\/medicinalplants.rs\/wp-content\/uploads\/2015\/06\/med_TR.jpg\"><img loading=\"lazy\" decoding=\"async\" class=\"  wp-image-401 alignright\" src=\"http:\/\/medicinalplants.rs\/wp-content\/uploads\/2015\/06\/med_TR-300x225.jpg\" alt=\"med_TR\" width=\"201\" height=\"151\" srcset=\"http:\/\/medicinalplants.rs\/wp-content\/uploads\/2015\/06\/med_TR-300x225.jpg 300w, http:\/\/medicinalplants.rs\/wp-content\/uploads\/2015\/06\/med_TR.jpg 1024w\" sizes=\"auto, (max-width: 201px) 100vw, 201px\" \/><\/a><br \/>\nProject: III 46013 \u2013 Traditional and new products of cultivated and wild growing fruits and grape vines, and by-products during processing,\u00a0with special emphasis on indigenous varieties: chemical characterization and biological profile.<br \/>\nProject period 2011-2017.<br \/>\nProject leader: Dr Katarina \u0160avikin<\/li>\n<\/ul>\n<p><strong>Developed for project participant Eco Agrar Solutions d.o.o.<\/strong><strong><br \/>\n<\/strong><\/p>\n<p>&nbsp;<\/p>\n<ul>\n<li style=\"text-align: left;\"><strong>Product: Rhodiola plus capsule<br \/>\n<\/strong>Authors: \u0160avikin, Zduni\u0107, \u0106uji\u0107, Bigovi\u0107, \u017divkovi\u0107, Karavla<strong><a href=\"http:\/\/medicinalplants.rs\/wp-content\/uploads\/2015\/06\/Slika-2kom.jpg\"><img loading=\"lazy\" decoding=\"async\" class=\"  wp-image-374 alignright\" src=\"http:\/\/medicinalplants.rs\/wp-content\/uploads\/2015\/06\/Slika-2kom-300x200.jpg\" alt=\"Slika 2kom\" width=\"218\" height=\"145\" srcset=\"http:\/\/medicinalplants.rs\/wp-content\/uploads\/2015\/06\/Slika-2kom-300x200.jpg 300w, http:\/\/medicinalplants.rs\/wp-content\/uploads\/2015\/06\/Slika-2kom-1024x682.jpg 1024w, http:\/\/medicinalplants.rs\/wp-content\/uploads\/2015\/06\/Slika-2kom.jpg 1280w\" sizes=\"auto, (max-width: 218px) 100vw, 218px\" \/><\/a><\/strong><br \/>\nProject: III 46013 \u2013 Traditional and new products of cultivated and wild growing fruits and grape vines, and by-products during processing,\u00a0with special emphasis on indigenous varieties: chemical characterization and biological profile.<br \/>\nProject period 2011-2017.<br \/>\nProject leader: Dr Katarina \u0160avikin<\/li>\n<\/ul>\n<p><strong>Developed for project participant Eco Agrar Solutions d.o.o.<\/strong><strong><br \/>\n<\/strong><\/p>\n<p>&nbsp;<\/p>\n<ul>\n<li style=\"text-align: left;\"><strong>Product: Tribulus capsule<\/strong><a href=\"http:\/\/medicinalplants.rs\/wp-content\/uploads\/2015\/06\/Bocica-3kom.jpg\"><img loading=\"lazy\" decoding=\"async\" class=\"  wp-image-367 alignright\" src=\"http:\/\/medicinalplants.rs\/wp-content\/uploads\/2015\/06\/Bocica-3kom-300x200.jpg\" alt=\"Bocica 3kom\" width=\"221\" height=\"147\" srcset=\"http:\/\/medicinalplants.rs\/wp-content\/uploads\/2015\/06\/Bocica-3kom-300x200.jpg 300w, http:\/\/medicinalplants.rs\/wp-content\/uploads\/2015\/06\/Bocica-3kom-1024x683.jpg 1024w\" sizes=\"auto, (max-width: 221px) 100vw, 221px\" \/><\/a><br \/>\nAuthors: \u0160avikin, Zduni\u0107, \u0106uji\u0107, Bigovi\u0107<br \/>\nProject: III 46013 \u2013 Traditional and new products of cultivated and wild growing fruits and grape vines, and by-products during processing,\u00a0with special emphasis on indigenous varieties: chemical characterization and biological profile.<br \/>\nProject period 2011-2017.<br \/>\nProject leader: Dr Katarina \u0160avikin<\/li>\n<\/ul>\n<p><strong>Developed for project participant Eco Agrar Solutions d.o.o.<\/strong><strong><br \/>\n<\/strong><\/p>\n<p>&nbsp;<\/p>\n<p>&nbsp;<\/p>\n<ul>\n<li style=\"text-align: left;\"><strong>Products: Anti-age collection for skin care based on chokeberry extract (Day and Night Cream)<\/strong><a href=\"http:\/\/medicinalplants.rs\/wp-content\/uploads\/2015\/06\/antiage.jpg\"><img loading=\"lazy\" decoding=\"async\" class=\"alignright wp-image-180 size-thumbnail\" src=\"http:\/\/medicinalplants.rs\/wp-content\/uploads\/2015\/06\/antiage-150x150.jpg\" alt=\"antiage\" width=\"150\" height=\"150\" \/><\/a><br \/>\nAuthors: \u0160avikin, Zduni\u0107, \u0106uji\u0107, \u017dugi\u0107<br \/>\nProject: III 46013 &#8211; Traditional and new products of cultivated and wild growing fruits and grape vines, and by-products during processing,\u00a0with special emphasis on indigenous varieties: chemical characterization and biological profile.<br \/>\nProject period 2011-2015.<br \/>\nProject leader: Dr Katarina \u0160avikin<br \/>\n<a href=\"http:\/\/www.mocbilja.rs\/?portfolio=dnevni-anti-age-krem\" target=\"_blank\">http:\/\/www.mocbilja.rs\/?portfolio=dnevni-anti-age-krem<\/a><\/li>\n<\/ul>\n<p>&nbsp;<\/p>\n<ul>\n<li style=\"text-align: left;\"><strong>Product: Aronia anti-oxi<\/strong><a href=\"http:\/\/medicinalplants.rs\/wp-content\/uploads\/2015\/06\/aronia.jpg\"><img loading=\"lazy\" decoding=\"async\" class=\"alignright wp-image-181 size-thumbnail\" src=\"http:\/\/medicinalplants.rs\/wp-content\/uploads\/2015\/06\/aronia-150x150.jpg\" alt=\"aronia\" width=\"150\" height=\"150\" \/><\/a><br \/>\nAuthors: Katarina \u0160avikin, Neboj\u0161a Menkovi\u0107, Aleksandra Koni\u0107-Risti\u0107, Gordana Zduni\u0107<br \/>\nProject: III 46013 &#8211; Traditional and new products of cultivated and wild growing fruits and grape vines, and by-products during processing,\u00a0with special emphasis on indigenous varieties: chemical characterization and biological profile.<br \/>\nProject period 2011-2015.<br \/>\nProject leader: Dr Katarina \u0160avikin<br \/>\n<a href=\"http:\/\/rheapharm.co.rs\/nutrika-en\/\" target=\"_blank\">http:\/\/rheapharm.co.rs\/nutrika-en\/<\/a><\/li>\n<\/ul>\n<p>&nbsp;<\/p>\n<p>&nbsp;<\/p>\n<ul>\n<li style=\"text-align: left;\"><strong>Product: Rheuma oil with essential oils of rosemary and evergreen<\/strong><a href=\"http:\/\/medicinalplants.rs\/wp-content\/uploads\/2015\/06\/reuma.jpg\"><img loading=\"lazy\" decoding=\"async\" class=\"alignright wp-image-185 size-thumbnail\" src=\"http:\/\/medicinalplants.rs\/wp-content\/uploads\/2015\/06\/reuma-150x150.jpg\" alt=\"reuma\" width=\"150\" height=\"150\" \/><\/a><br \/>\nAuthors: Katarina \u0160avikin, Ivana Arsi\u0107, Neboj\u0161a Menkovi\u0107, Sofia Djordjevi\u0107,<br \/>\nMihailo Risti\u0107, Gordana Zduni\u0107<br \/>\nProject: Production of standardized essential oils for medicinal preparations<br \/>\nProject period: 2006.<br \/>\nProject leader: Dr Katarina \u0160avikin<br \/>\n<a href=\"http:\/\/www.mocbilja.rs\/?portfolio=reuma-ulje\" target=\"_blank\">http:\/\/www.mocbilja.rs\/?portfolio=reuma-ulje<\/a><\/li>\n<\/ul>\n<p>&nbsp;<\/p>\n<p>&nbsp;<\/p>\n<ul>\n<li style=\"text-align: left;\"><strong>Product: Rheuma bath with essential oils of rosemary and evergreen<\/strong><a href=\"http:\/\/medicinalplants.rs\/wp-content\/uploads\/2015\/06\/reuma.jpg\"><img loading=\"lazy\" decoding=\"async\" class=\"alignright wp-image-185 size-thumbnail\" src=\"http:\/\/medicinalplants.rs\/wp-content\/uploads\/2015\/06\/reuma-150x150.jpg\" alt=\"reuma\" width=\"150\" height=\"150\" \/><\/a><br \/>\nAuthors: Katarina \u0160avikin, Ivana Arsi\u0107, Neboj\u0161a Menkovi\u0107, Sofia Djordjevi\u0107,<br \/>\nMihailo Risti\u0107, Gordana Zduni\u0107<br \/>\nProject: Production of standardized essential oils for medicinal preparations<br \/>\nProject period: 2006.<br \/>\nProject leader: Dr Katarina \u0160avikin<br \/>\n<a href=\"http:\/\/www.mocbilja.rs\/?portfolio=reuma-kupka\" target=\"_blank\">http:\/\/www.mocbilja.rs\/?portfolio=reuma-kupka<\/a><\/li>\n<\/ul>\n<p>&nbsp;<\/p>\n<p>&nbsp;<\/p>\n<ul>\n<li style=\"text-align: left;\"><strong>Product: Weight Loss Drops<\/strong><a href=\"http:\/\/medicinalplants.rs\/wp-content\/uploads\/2015\/06\/kapi-za-mrsavljenje.jpg\"><img loading=\"lazy\" decoding=\"async\" class=\"alignright wp-image-212 size-thumbnail\" src=\"http:\/\/medicinalplants.rs\/wp-content\/uploads\/2015\/06\/kapi-za-mrsavljenje-150x150.jpg\" alt=\"kapi za mrsavljenje\" width=\"150\" height=\"150\" srcset=\"http:\/\/medicinalplants.rs\/wp-content\/uploads\/2015\/06\/kapi-za-mrsavljenje-150x150.jpg 150w, http:\/\/medicinalplants.rs\/wp-content\/uploads\/2015\/06\/kapi-za-mrsavljenje.jpg 250w\" sizes=\"auto, (max-width: 150px) 100vw, 150px\" \/><\/a><br \/>\nAuthors: Sofija Djordjevi\u0107, Katarina \u0160avikin, Ivana Arsi\u0107, Gordana Zduni\u0107, Dubravka Bigovi\u0107<br \/>\nProject: Medicinal plants of Serbia as potential raw material for the production of standardized phytopreparations and dietary products.<br \/>\nProject period: 2005-2007.<br \/>\nProject leader: Dr Katarina \u0160avikin<br \/>\n<a href=\"http:\/\/www.mocbilja.rs\/?portfolio=kapi-za-mrsavljenje\" target=\"_blank\">http:\/\/www.mocbilja.rs\/?portfolio=kapi-za-mrsavljenje<\/a><\/li>\n<\/ul>\n<p>&nbsp;<\/p>\n<p>&nbsp;<\/p>\n<ul>\n<li style=\"text-align: left;\"><strong>Product: Anti-Dandruff and hair roots strengthening lotion<\/strong><a href=\"http:\/\/medicinalplants.rs\/wp-content\/uploads\/2015\/06\/losion-za-kosu.jpg\"><img loading=\"lazy\" decoding=\"async\" class=\"alignright wp-image-213 size-thumbnail\" src=\"http:\/\/medicinalplants.rs\/wp-content\/uploads\/2015\/06\/losion-za-kosu-150x150.jpg\" alt=\"losion za kosu\" width=\"150\" height=\"150\" \/><\/a><br \/>\nAuthors: Zoran Samard\u017ei\u0107 <strong><a href=\"http:\/\/medicinalplants.rs\/wp-content\/uploads\/2017\/08\/CV-ZORAN-SAMARDZIC.doc\">View CV<\/a><\/strong>, Neboj\u0161a Menkovi\u0107<br \/>\nProject: Wild and cultivated herbs of Serbia biozones in the function of mountain areas development.<br \/>\nProject period: 2005-2007.<br \/>\nProject leader: Dr Neboj\u0161a Menkovi\u0107<br \/>\n<a href=\"http:\/\/www.mocbilja.rs\/?portfolio=biljni-losion-za-kosu-za-jacanje-korena-kose-i-protiv-peruti-2\" target=\"_blank\">http:\/\/www.mocbilja.rs\/?portfolio=biljni-losion-za-kosu-za-jacanje-korena-kose-i-protiv-peruti-2<\/a><\/li>\n<\/ul>\n","protected":false},"excerpt":{"rendered":"<p>Product: Honey enriched with anthocyanins Authors: \u0160avikin, Zduni\u0107, \u0106uji\u0107, Bigovi\u0107, \u017divkovi\u0107, Karavla Project: III 46013 \u2013 Traditional and new products of cultivated and wild growing fruits and grape vines, and by-products during processing,\u00a0with special emphasis on indigenous varieties: chemical characterization and biological profile. Project period 2011-2017. Project leader: Dr Katarina \u0160avikin Developed for project participant&#8230; <\/p>\n","protected":false},"author":1,"featured_media":113,"parent":0,"menu_order":0,"comment_status":"closed","ping_status":"closed","template":"template-full-width.php","meta":{"footnotes":""},"class_list":["post-24","page","type-page","status-publish","has-post-thumbnail","hentry"],"_links":{"self":[{"href":"http:\/\/medicinalplants.rs\/index.php\/wp-json\/wp\/v2\/pages\/24","targetHints":{"allow":["GET"]}}],"collection":[{"href":"http:\/\/medicinalplants.rs\/index.php\/wp-json\/wp\/v2\/pages"}],"about":[{"href":"http:\/\/medicinalplants.rs\/index.php\/wp-json\/wp\/v2\/types\/page"}],"author":[{"embeddable":true,"href":"http:\/\/medicinalplants.rs\/index.php\/wp-json\/wp\/v2\/users\/1"}],"replies":[{"embeddable":true,"href":"http:\/\/medicinalplants.rs\/index.php\/wp-json\/wp\/v2\/comments?post=24"}],"version-history":[{"count":33,"href":"http:\/\/medicinalplants.rs\/index.php\/wp-json\/wp\/v2\/pages\/24\/revisions"}],"predecessor-version":[{"id":423,"href":"http:\/\/medicinalplants.rs\/index.php\/wp-json\/wp\/v2\/pages\/24\/revisions\/423"}],"wp:featuredmedia":[{"embeddable":true,"href":"http:\/\/medicinalplants.rs\/index.php\/wp-json\/wp\/v2\/media\/113"}],"wp:attachment":[{"href":"http:\/\/medicinalplants.rs\/index.php\/wp-json\/wp\/v2\/media?parent=24"}],"curies":[{"name":"wp","href":"https:\/\/api.w.org\/{rel}","templated":true}]}}